{"version":"1.0","provider_name":"Pill\u00e1z\u00f3 Pillecukor","provider_url":"https:\/\/pillazopillecukor.cafeblog.hu","author_name":"Pill\u00e1z\u00f3 Pillecukor","author_url":"https:\/\/pillazopillecukor.cafeblog.hu\/author\/pillazo_pillecukor\/","title":"Als\u00f3\u00f6rsi panor\u00e1ma","html":"<p><strong>Als\u00f3\u00f6rsi panor\u00e1ma<\/strong><\/p>\r\n<p>Vitathatatlanul \u00e9s menthetetlen\u00fcl a Balaton szerelmese vagyok, m\u00e9gis eddig kimaradt Als\u00f3\u00f6rs. A h\u00e9ten kalandoztam mind a d\u00e9li, mind az \u00e9szaki parton. Fest\u0151i, csod\u00e1latos \u00e9s leny\u0171g\u00f6z\u0151. Egy bar\u00e1ti t\u00e1rsas\u00e1g miatt keveredtem a telep\u00fcl\u00e9sre, amit nem b\u00e1ntam meg. Igaz a szombat es\u0151vel kezd\u0151d\u00f6tt \u00e9s a f\u00fclledt k\u00e1nikula al\u00e1bb hagyott, m\u00e9gis remek m\u00e1szk\u00e1l\u00f3s id\u0151 lett d\u00e9lt\u0151l. \u00cdgy nyakamba kaptam a falut. A kik\u00f6t\u0151b\u0151l indulva egy emelked\u0151s utc\u00e1n bandukolva cserk\u00e9sztem be a telep\u00fcl\u00e9s cs\u00facs\u00e1t. Hangulatos utc\u00e1k sora j\u00f6tt, a T\u00f6r\u00f6k h\u00e1z fantasztikus oromzataival, a Kil\u00e1t\u00f3 t\u00e9r pazar panor\u00e1m\u00e1j\u00e1val a t\u00f3ra.<\/p>\r\n<p><img class=\"alignnone size-medium wp-image-150\" src=\"https:\/\/pillazopillecukor.cafeblog.hu\/files\/2019\/07\/IMG_20190727_163827-300x225.jpg\" alt=\"\" width=\"300\" height=\"225\" \/> <img class=\"alignnone size-medium wp-image-151\" src=\"https:\/\/pillazopillecukor.cafeblog.hu\/files\/2019\/07\/IMG_20190727_163916-225x300.jpg\" alt=\"\" width=\"225\" height=\"300\" \/> <img class=\"alignnone size-medium wp-image-152\" src=\"https:\/\/pillazopillecukor.cafeblog.hu\/files\/2019\/07\/IMG_20190727_164005-300x243.jpg\" alt=\"\" width=\"300\" height=\"243\" \/><\/p>\r\n<p>Innen arasztoltam fel a Somly\u00f3-hegyi kil\u00e1t\u00f3hoz. Sz\u00e9pen fel\u00faj\u00edtott \u00e9p\u00edtm\u00e9ny tetej\u00e9r\u0151l leny\u0171g\u00f6z\u0151 l\u00e1tv\u00e1ny maga a telep\u00fcl\u00e9s, a szomsz\u00e9dos Lovas, term\u00e9szetesen a Balaton \u00e9s m\u00f6g\u00f6tt\u00fcnk a Bakony gerince.<\/p>\r\n<p><img class=\"alignnone size-medium wp-image-149\" src=\"https:\/\/pillazopillecukor.cafeblog.hu\/files\/2019\/07\/IMG_20190727_163730-300x71.jpg\" alt=\"\" width=\"300\" height=\"71\" \/><\/p>\r\n<p>Hangulatos utc\u00e1k, nagyon kedves helyiek. Fenn a cs\u00facson chill out.<\/p>\r\n<p>S\u00e9ta vissza a kik\u00f6t\u0151be \u00e9s megpihenni a parton, hatty\u00fak \u00e9s kacs\u00e1k gy\u0171r\u0171j\u00e9ben. Leny\u0171g\u00f6z\u0151 \u00e9lm\u00e9ny.<\/p>\r\n<p><img class=\"alignnone size-medium wp-image-147\" src=\"https:\/\/pillazopillecukor.cafeblog.hu\/files\/2019\/07\/IMG_20190727_163622-300x143.jpg\" alt=\"\" width=\"300\" height=\"143\" \/>\u00a0<img class=\"alignnone size-medium wp-image-153\" src=\"https:\/\/pillazopillecukor.cafeblog.hu\/files\/2019\/07\/IMG_20190727_164039-300x225.jpg\" alt=\"\" width=\"300\" height=\"225\" \/><img class=\"alignnone size-medium wp-image-148\" src=\"https:\/\/pillazopillecukor.cafeblog.hu\/files\/2019\/07\/IMG_20190727_163701-300x69.jpg\" alt=\"\" width=\"300\" height=\"69\" \/><img class=\"alignnone size-medium wp-image-154\" src=\"https:\/\/pillazopillecukor.cafeblog.hu\/files\/2019\/07\/IMG_20190727_164112-300x157.jpg\" alt=\"\" width=\"300\" height=\"157\" \/><\/p>","type":"rich"}

Pillázó Pillecukor

Alsóörsi panoráma

<p><strong>Alsóörsi panoráma</strong></p>
<p>Vitathatatlanul és menthetetlenül a Balaton szerelmese vagyok, mégis eddig kimaradt Alsóörs. A héten kalandoztam mind a déli, mind az északi parton. Festői, csodálatos és lenyűgöző. Egy baráti társaság miatt keveredtem a településre, amit nem bántam meg. Igaz a szombat esővel kezdődött és a fülledt kánikula alább hagyott, mégis remek mászkálós idő lett déltől. Így nyakamba kaptam a falut. A kikötőből indulva egy emelkedős utcán bandukolva cserkésztem be a település csúcsát. Hangulatos utcák sora jött, a Török ház fantasztikus oromzataival, a Kilátó tér pazar panorámájával a tóra.</p>
<p><img class="alignnone size-medium wp-image-150" src="https://pillazopillecukor.cafeblog.hu/files/2019/07/IMG_20190727_163827-300x225.jpg" alt="" width="300" height="225" /> <img class="alignnone size-medium wp-image-151" src="https://pillazopillecukor.cafeblog.hu/files/2019/07/IMG_20190727_163916-225x300.jpg" alt="" width="225" height="300" /> <img class="alignnone size-medium wp-image-152" src="https://pillazopillecukor.cafeblog.hu/files/2019/07/IMG_20190727_164005-300x243.jpg" alt="" width="300" height="243" /></p>
<p>Innen arasztoltam fel a Somlyó-hegyi kilátóhoz. Szépen felújított építmény tetejéről lenyűgöző látvány maga a település, a szomszédos Lovas, természetesen a Balaton és mögöttünk a Bakony gerince.</p>
<p><img class="alignnone size-medium wp-image-149" src="https://pillazopillecukor.cafeblog.hu/files/2019/07/IMG_20190727_163730-300x71.jpg" alt="" width="300" height="71" /></p>
<p>Hangulatos utcák, nagyon kedves helyiek. Fenn a csúcson chill out.</p>
<p>Séta vissza a kikötőbe és megpihenni a parton, hattyúk és kacsák gyűrűjében. Lenyűgöző élmény.</p>
<p><img class="alignnone size-medium wp-image-147" src="https://pillazopillecukor.cafeblog.hu/files/2019/07/IMG_20190727_163622-300x143.jpg" alt="" width="300" height="143" /> <img class="alignnone size-medium wp-image-153" src="https://pillazopillecukor.cafeblog.hu/files/2019/07/IMG_20190727_164039-300x225.jpg" alt="" width="300" height="225" /><img class="alignnone size-medium wp-image-148" src="https://pillazopillecukor.cafeblog.hu/files/2019/07/IMG_20190727_163701-300x69.jpg" alt="" width="300" height="69" /><img class="alignnone size-medium wp-image-154" src="https://pillazopillecukor.cafeblog.hu/files/2019/07/IMG_20190727_164112-300x157.jpg" alt="" width="300" height="157" /></p>
